Stormwatcher's Retreat Logo




  September 
  2017 

(Stormwatcher's Retreat has reports since Sep 2013)
                   MONTHLY CLIMATOLOGICAL SUMMARY for SEP. 2017

NAME: StormwatchersRetreat   CITY: Yachats   STATE: OR 
ELEV:    67 ft  LAT:  44° 18' 49" N  LONG: 124° 06' 28" W

                   TEMPERATURE (°F), RAIN  (in), WIND SPEED (mph)

                                      HEAT  COOL        AVG
    MEAN                              DEG   DEG         WIND                 DOM
DAY TEMP  HIGH   TIME   LOW    TIME   DAYS  DAYS  RAIN  SPEED HIGH   TIME    DIR
------------------------------------------------------------------------------------
 1  56.1  63.8  12:40p  50.5   6:50a   8.9   0.0  0.00   7.0  24.0   4:00p    NE
 2  57.1  73.0  12:30p  50.0   4:00a   8.3   0.4  0.00   5.4  20.0   3:20p    NE
 3  58.3  74.3   2:50p  50.8   6:00a   7.4   0.7  0.00   3.5  13.0   3:50a    NE
 4  59.7  71.7   4:30p  51.1   6:40a   6.0   0.7  0.00   3.7  15.0   1:30p    NE
 5  61.1  65.5   4:20p  53.8  12:10a   3.9   0.0  0.00   7.8  32.0  12:40a   SSW
 6  58.2  62.7  12:10a  55.2   6:50a   6.8   0.0  0.04   3.5  25.0  12:10a   SSW
 7  56.9  60.7   9:10p  54.5  10:50a   8.1   0.0  0.16   3.1  16.0  12:30p   SSW
 8  58.6  62.1   1:40p  56.7   2:30a   6.4   0.0  0.01   2.0  11.0   5:10p   ENE
 9  56.5  59.1   3:50p  53.7   7:00a   8.5   0.0  0.05   2.1  12.0  11:20a   ENE
10  58.0  64.0   3:40p  53.2   7:20a   7.0   0.0  0.01   5.7  24.0   5:00p    NE
11  58.8  70.1   2:00p  51.6   5:00a   6.3   0.2  0.00   6.6  23.0   3:40p    NE
12  56.9  63.9   5:10p  52.6   1:50a   8.1   0.0  0.00   7.3  26.0   1:40p   ENE
13  57.0  63.7   3:20p  51.8   7:30a   8.0   0.0  0.00   4.9  18.0   1:40p   ENE
14  56.5  65.6   6:00p  52.8   5:00a   8.5   0.0  0.00   1.7   9.0   6:20p    NE
15  54.5  63.5   3:30p  49.6   6:40a  10.5   0.0  0.01   3.0  15.0   2:50p    NE
16  57.2  67.2   2:50p  50.1  12:10a   7.8   0.0  0.00   3.0  17.0   2:20p    NE
17  57.2  60.9   1:30p  53.7   2:00a   7.8   0.0  0.33   7.1  40.0   3:50p     S
18  56.3  60.2   3:20p  52.5   7:10p   8.7   0.0  0.54   8.4  31.0   3:30p     S
19  56.3  59.6   2:20p  54.6   7:20p   8.7   0.0  0.17   9.7  30.0   8:30p   SSW
20  55.1  57.3   5:10p  49.7  11:20p   9.9   0.0  0.15   6.4  22.0  12:40a   SSW
21  52.9  57.7   3:20p  48.6   3:00a  12.1   0.0  0.01   2.5  17.0   1:20p   ESE
22  54.7  63.1   3:40p  46.8   6:10a  10.3   0.0  0.01   3.1  13.0   3:00p   ESE
23  54.7  57.6  11:10a  52.3   7:10a   5.3   0.0  0.00   0.3   4.0   8:10a    SE
24
25
26
27
28
29
30
-------------------------------------------------------------------------------------
    56.9  74.3     3    46.8    22   183.3   2.0  1.49   4.7  40.0    17      NE

Max >=  90.0:  0
Max <=  32.0:  0
Min <=  32.0:  0
Min <=   0.0:  0
Max Rain: 0.54 ON 09/18/17
Days of Rain: 7 (>.01 in) 5 (>.1 in) 0 (>1 in)
Heat Base:  65.0  Cool Base:  65.0  Method: Integration
Email: AdamSPAM@StormwatchersRetreat.com (To send me email remove the word 'SPAM' from my email address.)