Stormwatcher's Retreat Logo




  September 
  2020 

(Stormwatcher's Retreat has reports since Sep 2013)
                   MONTHLY CLIMATOLOGICAL SUMMARY for SEP. 2020

NAME: StormwatchersRetreat   CITY: Yachats   STATE: OR 
ELEV:    67 ft  LAT:  44° 18' 49" N  LONG: 124° 06' 28" W

                   TEMPERATURE (°F), RAIN  (in), WIND SPEED (mph)

                                      HEAT  COOL        AVG
    MEAN                              DEG   DEG         WIND                 DOM
DAY TEMP  HIGH   TIME   LOW    TIME   DAYS  DAYS  RAIN  SPEED HIGH   TIME    DIR
------------------------------------------------------------------------------------
 1  55.0  61.6   2:20p  49.4   6:50a  10.0   0.0  0.00   7.1  25.0   1:10p    NE
 2  53.7  62.1   2:20p  47.6   5:40a  11.3   0.0  0.00   7.6  26.0   2:40p    NE
 3  51.4  55.5  11:30p  47.5   7:10a  13.6   0.0  0.00   6.8  25.0   7:00p   SSW
 4  56.2  59.9   8:00p  52.2   3:30a   8.8   0.0  0.00   4.8  17.0   1:40p     S
 5  62.1  70.2   3:00p  53.0  11:50p   4.0   1.1  0.00   4.8  19.0   7:00p     E
 6  54.5  58.9   3:00p  51.4   7:10a  10.5   0.0  0.00   7.8  23.0  12:50p    NE
 7  58.0  80.2  10:10p  50.1   4:10a   8.5   1.5  0.00   6.7  31.0  10:10p   ENE
 8  72.7  76.1   4:10p  64.7   1:10p   0.0   7.7  0.00   8.7  37.0   3:00a     E
 9  69.4  83.5   3:20p  53.1  10:40p   2.7   7.1  0.00  10.3  30.0  10:30a     E
10  52.0  54.8   2:00a  48.8  10:50a  13.0   0.0  0.00   4.3  17.0   2:50p     S
11  50.8  53.8   3:10p  47.1   7:00a  14.2   0.0  0.00   2.3  10.0   2:00p   ENE
12  47.7  50.5  11:40p  45.6   5:10a  17.3   0.0  0.00   1.2   5.0   7:10a    NE
13  50.4  56.1   3:10p  47.1   5:50a  14.6   0.0  0.01   2.2  10.0   2:50p    NE
14  57.0  69.2  10:40p  51.0  12:40a   8.3   0.3  0.00   6.8  30.0   4:00p     S
15  62.7  69.4   1:30p  58.3   2:10a   2.6   0.3  0.00   2.2  15.0   4:00a     S
16  61.6  66.5  10:50a  57.2   4:10a   3.4   0.0  0.00   4.5  21.0   2:00p     S
17  57.7  64.0   5:10p  55.3   8:00p   7.3   0.0  0.01   1.5   8.0  11:50a    NE
18  60.0  64.1  12:50p  56.3   1:50a   5.0   0.0  0.50   3.1  18.0   3:50p     S
19  59.4  67.9   5:20p  55.9  12:00m   5.8   0.2  0.05   1.3  10.0  11:30p     S
20  59.3  67.7   4:40p  54.5   4:10a   6.0   0.2  0.00   4.8  18.0   6:50a     E
21  56.7  59.8   8:10p  53.1   5:30a   8.3   0.0  0.02   2.6  15.0  12:50p     S
22  59.2  65.2  12:00m  55.8   7:20a   5.8   0.0  0.00   3.2  22.0  11:20p     S
23  63.6  68.7  10:40a  59.3   4:40p   1.9   0.5  0.36  15.1  39.0   9:00a     S
24  61.2  63.0  11:50a  60.2   1:50a   3.8   0.0  0.02   7.3  21.0  11:30a     S
25  61.0  62.5   4:10a  59.2  11:50a   2.0   0.0  0.14  16.3  46.0  10:10a     S
26
27
28
29
30
-------------------------------------------------------------------------------------
    58.1  83.5     9    45.6    12   188.7  18.9  1.11   5.7  46.0    25       S

Max >=  90.0:  0
Max <=  32.0:  0
Min <=  32.0:  0
Min <=   0.0:  0
Max Rain: 0.50 ON 09/18/20
Days of Rain: 6 (>.01 in) 3 (>.1 in) 0 (>1 in)
Heat Base:  65.0  Cool Base:  65.0  Method: Integration
Email: AdamSPAM@StormwatchersRetreat.com (To send me email remove the word 'SPAM' from my email address.)