Stormwatcher's Retreat Logo




  October 
  2021 

(Stormwatcher's Retreat has reports since Sep 2013)
                   MONTHLY CLIMATOLOGICAL SUMMARY for OCT. 2021

NAME: StormwatchersRetreat   CITY: Yachats   STATE: OR 
ELEV:    67 ft  LAT:  44° 18' 49" N  LONG: 124° 06' 28" W

                   TEMPERATURE (°F), RAIN  (in), WIND SPEED (mph)

                                      HEAT  COOL        AVG
    MEAN                              DEG   DEG         WIND                 DOM
DAY TEMP  HIGH   TIME   LOW    TIME   DAYS  DAYS  RAIN  SPEED HIGH   TIME    DIR
------------------------------------------------------------------------------------
 1  53.3  59.3   2:30p  47.8   5:30a  11.7   0.0  0.01   4.5  22.0   3:20p   ENE
 2  53.6  59.6   3:30p  47.2   7:10a  11.4   0.0  0.00   3.7  21.0   4:50p   ENE
 3  53.7  59.4   2:50p  48.1   6:40a  11.3   0.0  0.00   4.0  20.0   4:00p    NE
 4  53.8  58.5   2:50p  49.6   2:40a  11.2   0.0  0.00   3.6  25.0  11:50p     N
 5  54.3  57.2   5:00a  49.6  11:40p  10.7   0.0  0.47   6.4  28.0   5:20a     N
 6  52.1  61.0   4:30p  47.9   7:30a  12.9   0.0  0.08   3.4  17.0  12:40p     N
 7  50.2  56.9   4:10p  44.4   6:40a  14.8   0.0  0.00   4.3  17.0   3:30p   ESE
 8  50.2  55.3   4:30p  44.7   5:30a  14.8   0.0  0.01   3.9  23.0   1:40p   ESE
 9  55.1  60.4   5:00p  52.1  12:30a   9.9   0.0  0.01   3.3  20.0  11:50p     N
10  53.6  59.0   3:30p  46.0  11:00p  11.4   0.0  0.22   4.4  26.0   2:50a     N
11  48.8  56.6   2:30p  42.6   5:40a  16.2   0.0  0.06   2.0  17.0  12:40a   ESE
12  48.1  54.8  12:40p  41.9   7:40a  16.9   0.0  0.11   5.5  21.0   2:40p   ESE
13  50.4  54.8   1:40p  44.1   6:20a  14.6   0.0  0.10   4.0  15.0   2:50p     N
14  54.1  57.2   3:40p  52.1   8:30p  10.9   0.0  0.04   7.5  24.0   1:50p     N
15  53.3  58.1   4:10p  48.5   7:50a  11.7   0.0  0.00   5.8  16.0  12:30a   ESE
16  55.5  62.6  12:10p  50.6   6:00a   9.5   0.0  0.00   4.4  18.0   9:10a   ESE
17  53.7  58.0   9:50a  50.1  11:00p  11.3   0.0  0.40   4.0  20.0  10:00a   ENE
18  51.2  58.4   4:20p  46.8   8:00a  13.8   0.0  0.00   3.0  16.0  11:10p     N
19  53.3  65.2   1:40p  46.8   2:50a  11.7   0.0  0.09   4.7  19.0  12:50p   ESE
20  56.2  60.4   2:30p  52.5   2:30a   8.8   0.0  0.27   9.8  40.0   4:30a     N
21  58.6  67.9  12:40p  53.7  11:40p   6.6   0.2  0.48   6.1  27.0   7:10p   ESE
22  54.8  56.0  12:40p  52.4   9:50p  10.2   0.0  0.51  10.6  39.0   9:30p   SSW
23  53.8  57.0   7:40a  50.6   8:20p  11.2   0.0  0.14   7.5  35.0   2:20a     S
24  56.0  58.7   8:30a  50.0  11:40a   7.8   0.0  0.77  17.6  57.0   7:50a     N
25
26
27
28
29
30
31
-------------------------------------------------------------------------------------
    53.2  67.9    21    41.9    12   281.3   0.2  3.77   5.6  57.0    24       N

Max >=  90.0:  0
Max <=  32.0:  0
Min <=  32.0:  0
Min <=   0.0:  0
Max Rain: 0.77 ON 10/24/21
Days of Rain: 14 (>.01 in) 9 (>.1 in) 0 (>1 in)
Heat Base:  65.0  Cool Base:  65.0  Method: Integration
Email: AdamSPAM@StormwatchersRetreat.com (To send me email remove the word 'SPAM' from my email address.)