Stormwatcher's Retreat Logo




  June 
  2019 

(Stormwatcher's Retreat has reports since Sep 2013)
                   MONTHLY CLIMATOLOGICAL SUMMARY for JUN. 2019

NAME: StormwatchersRetreat   CITY: Yachats   STATE: OR 
ELEV:    67 ft  LAT:  44° 18' 49" N  LONG: 124° 06' 28" W

                   TEMPERATURE (°F), RAIN  (in), WIND SPEED (mph)

                                      HEAT  COOL        AVG
    MEAN                              DEG   DEG         WIND                 DOM
DAY TEMP  HIGH   TIME   LOW    TIME   DAYS  DAYS  RAIN  SPEED HIGH   TIME    DIR
------------------------------------------------------------------------------------
 1  54.5  60.0   3:30p  51.3   4:40a  10.5   0.0  0.00   9.1  21.0   2:50p   ENE
 2  54.9  60.9   4:30p  51.3   1:50a  10.1   0.0  0.00   7.0  18.0   3:20a   ENE
 3  56.3  61.9   2:40p  50.8  12:00m   8.7   0.0  0.00   6.9  23.0   4:50p   ENE
 4  54.3  60.8   5:00p  46.0   6:40a  10.7   0.0  0.00   4.7  17.0   1:40p    NE
 5  53.1  56.6   6:20p  48.6   3:30a  11.9   0.0  0.00   3.1  12.0  11:10a   SSW
 6  52.8  56.2   3:20p  49.1   6:10a  12.2   0.0  0.13   3.7  14.0   3:30p   SSW
 7  54.2  60.4   5:30p  49.5   5:10a  10.8   0.0  0.17   3.1  14.0   2:10p   WNW
 8  55.8  62.8   4:10p  49.6   5:20a   9.2   0.0  0.02   6.5  27.0   7:30p    NE
 9  55.1  61.1   2:00p  48.4   5:10a   9.9   0.0  0.00   7.5  26.0  12:50p   ENE
10  55.7  64.1   3:10p  49.8   4:40a   9.3   0.0  0.00   8.4  30.0   4:20p   ENE
11  58.4  71.6   1:00p  49.3   5:10a   7.4   0.7  0.00   5.8  22.0   4:50p    NE
12  58.4  60.9   3:00p  53.4  12:10a   6.6   0.0  0.00   5.5  20.0  12:10p   SSW
13  57.5  62.5   4:10p  54.9  11:00p   7.5   0.0  0.00   6.6  20.0   6:30p    NE
14  56.2  61.0   4:30p  51.1  12:00m   8.8   0.0  0.00   8.2  21.0   3:30p   ENE
15  54.3  60.3   3:10p  49.5   4:40a  10.7   0.0  0.00   7.6  25.0   5:10p   ENE
16  54.7  60.9   1:50p  50.1   5:50a  10.3   0.0  0.00   8.6  23.0   5:10p   ENE
17  56.0  62.5   4:40p  51.4   4:40a   9.0   0.0  0.00   8.3  24.0   3:50p   ENE
18  56.3  62.5   4:10p  50.5   6:50a   8.7   0.0  0.00   8.1  25.0  12:30p   ENE
19  56.7  61.9   2:50p  50.9  12:10a   8.3   0.0  0.00   6.1  19.0   5:50p   ENE
20  55.4  63.3   5:40p  50.1   9:10a   9.6   0.0  0.02   2.3  13.0   6:30p   ENE
21  56.7  64.3   5:20p  52.3   7:50a   8.3   0.0  0.00   3.3  16.0   7:20p    NE
22  57.6  62.3   4:00p  53.5   6:30a   7.4   0.0  0.00   6.1  18.0   5:20p   ENE
23  57.2  62.8   4:30p  52.9   7:40a   7.8   0.0  0.01   5.6  17.0   8:50p   ENE
24  56.6  62.6   5:00p  49.8   6:40a   8.4   0.0  0.00   4.5  16.0   3:20p    NE
25  54.0  58.0   8:20p  51.3   9:40a  10.3   0.0  0.03   5.4  21.0   1:00p   SSW
26
27
28
29
30
-------------------------------------------------------------------------------------
    55.7  71.6    11    46.0     4   232.4   0.7  0.38   6.1  30.0    10     ENE

Max >=  90.0:  0
Max <=  32.0:  0
Min <=  32.0:  0
Min <=   0.0:  0
Max Rain: 0.17 ON 06/07/19
Days of Rain: 5 (>.01 in) 2 (>.1 in) 0 (>1 in)
Heat Base:  65.0  Cool Base:  65.0  Method: Integration
Email: AdamSPAM@StormwatchersRetreat.com (To send me email remove the word 'SPAM' from my email address.)