Stormwatcher's Retreat Logo




  February 
  2019 

(Stormwatcher's Retreat has reports since Sep 2013)
                   MONTHLY CLIMATOLOGICAL SUMMARY for FEB. 2019

NAME: StormwatchersRetreat   CITY: Yachats   STATE: OR 
ELEV:    67 ft  LAT:  44° 18' 49" N  LONG: 124° 06' 28" W

                   TEMPERATURE (°F), RAIN  (in), WIND SPEED (mph)

                                      HEAT  COOL        AVG
    MEAN                              DEG   DEG         WIND                 DOM
DAY TEMP  HIGH   TIME   LOW    TIME   DAYS  DAYS  RAIN  SPEED HIGH   TIME    DIR
------------------------------------------------------------------------------------
 1  52.5  56.4   6:50a  49.9  12:00m  12.5   0.0  0.24  10.4  37.0   7:10a   SSW
 2  49.1  55.5  11:50a  45.5  11:40p  15.9   0.0  0.06   6.8  24.0   4:30p   ENE
 3  44.0  46.2   3:20a  38.8  11:20p  21.0   0.0  0.18   9.6  24.0   6:10p     N
 4  36.6  41.4  11:20a  33.3  11:00p  28.4   0.0  0.07   3.1  21.0   1:10a   ESE
 5  39.4  45.9   5:00p  35.2  12:30a  25.6   0.0  0.14   3.5  25.0   7:00p   ESE
 6  39.1  48.5   4:20p  35.0   7:00a  25.9   0.0  0.00   5.2  16.0  10:50p   ESE
 7  38.5  45.8   3:00p  33.6   6:30a  26.5   0.0  0.06   7.1  19.0   3:20a   ESE
 8  41.9  48.0  12:40p  36.0   5:30a  23.1   0.0  0.10   7.0  32.0  11:30p   ESE
 9  39.5  46.5  12:20a  33.9  11:20p  25.5   0.0  0.18  10.7  39.0  12:30a   ESE
10  39.3  48.0  12:00m  32.2   7:40a  25.7   0.0  0.15  10.5  41.0  10:00p   SSW
11  49.1  50.6  11:40a  46.3   2:10a  15.9   0.0  0.19  23.9  51.0   3:30p   SSW
12  43.9  50.0  12:50a  38.2   2:40p  21.1   0.0  1.76  11.4  52.0   8:20a   SSW
13  44.5  48.1  12:30p  40.9   3:10a  20.5   0.0  0.02   3.3  14.0   5:40a   ESE
14  45.1  51.4  11:40a  41.0  10:30p  19.9   0.0  1.00   8.7  39.0   4:10p     S
15  42.7  48.3  11:20p  39.8   2:40p  22.3   0.0  0.98   6.0  32.0  11:00p     S
16  43.8  48.0   2:30a  36.4  12:00m  21.2   0.0  0.24  10.0  31.0   8:40a   WNW
17  40.1  48.5   4:20p  35.0   4:50a  24.9   0.0  0.19   3.3  14.0   1:30a   ESE
18  40.4  46.9   1:20p  34.9   7:20a  24.6   0.0  0.00   4.3  15.0   7:30a   ESE
19  43.2  47.8  10:10p  38.8   4:20a  21.9   0.0  0.30   6.6  27.0  11:00p   ESE
20  43.4  47.2   1:00a  36.6  11:40p  21.6   0.0  0.36   7.0  28.0  12:30a     N
21  35.0  36.6  12:10a  33.6   5:50a   9.4   0.0  0.00   3.6  12.0  12:20a   ESE
22
23
24
25
26
27
28
-------------------------------------------------------------------------------------
    42.4  56.4     1    32.2    10   453.4   0.0  6.22   7.7  52.0    12     ESE

Max >=  90.0:  0
Max <=  32.0:  0
Min <=  32.0:  0
Min <=   0.0:  0
Max Rain: 1.76 ON 02/12/19
Days of Rain: 18 (>.01 in) 13 (>.1 in) 1 (>1 in)
Heat Base:  65.0  Cool Base:  65.0  Method: Integration
Email: AdamSPAM@StormwatchersRetreat.com (To send me email remove the word 'SPAM' from my email address.)