Stormwatcher's Retreat Logo




  January 
  2020 

(Stormwatcher's Retreat has reports since Sep 2013)
                   MONTHLY CLIMATOLOGICAL SUMMARY for JAN. 2020

NAME: StormwatchersRetreat   CITY: Yachats   STATE: OR 
ELEV:    67 ft  LAT:  44° 18' 49" N  LONG: 124° 06' 28" W

                   TEMPERATURE (°F), RAIN  (in), WIND SPEED (mph)

                                      HEAT  COOL        AVG
    MEAN                              DEG   DEG         WIND                 DOM
DAY TEMP  HIGH   TIME   LOW    TIME   DAYS  DAYS  RAIN  SPEED HIGH   TIME    DIR
------------------------------------------------------------------------------------
 1  52.1  53.4   2:10a  49.8   3:50p  12.9   0.0  0.12   7.9  25.0  12:10a   SSW
 2  51.1  52.9   3:40p  47.9   5:30a  13.9   0.0  0.00   9.1  37.0   9:00p   SSW
 3  55.4  62.3  10:40a  45.3  12:00m   9.6   0.0  0.69  12.9  42.0   2:50p   SSW
 4  48.7  51.7   4:40a  44.8  12:30a  16.3   0.0  0.23   7.1  27.0  12:50p   SSW
 5  50.1  51.8   7:40a  46.8   1:10a  14.9   0.0  0.41  12.9  34.0   6:10a   SSW
 6  51.2  52.3  11:40p  49.6  12:10a  13.8   0.0  0.35  18.1  38.0   7:00a   SSW
 7  51.7  53.4   3:10a  49.1   3:50p  13.3   0.0  0.23  14.3  38.0   9:50a   SSW
 8  47.9  50.7   1:50a  41.5  12:00m  17.1   0.0  0.20   6.5  24.0  12:40p     W
 9  42.7  47.4   2:20p  38.5   5:00a  22.3   0.0  0.02   3.0  15.0  12:50p   ESE
10  49.3  53.3   3:30p  43.6  12:10a  15.7   0.0  0.32  16.6  51.0   1:20p   SSW
11  49.2  52.3  12:10a  46.1   7:30a  15.8   0.0  0.15  14.0  37.0   1:30a   WSW
12  48.5  51.4   3:40a  43.7   6:20p  16.5   0.0  0.17  15.9  36.0  10:30p    SW
13  45.2  47.9   6:20a  40.9  11:30p  19.8   0.0  0.39   9.7  31.0  12:50a    SW
14  41.6  45.6   2:10p  37.2   7:50p  23.4   0.0  0.10   6.7  27.0  10:50a     N
15  42.7  48.5  11:20a  36.4   1:50a  22.3   0.0  0.63   8.7  47.0   1:50p   SSW
16  41.5  50.4   3:30p  37.6   8:30a  23.5   0.0  0.38   3.9  18.0   1:50a   ESE
17  44.7  49.6  12:00m  38.4   1:20a  20.3   0.0  0.11   5.5  28.0   3:50p   SSW
18  50.5  53.6  11:30p  46.1   2:40a  14.5   0.0  0.13  10.0  43.0   7:40a   SSW
19  54.0  62.8   1:00p  50.9  12:00m  11.0   0.0  0.01   3.9  18.0   4:40a   ESE
20  54.4  59.2   9:40p  50.6  12:40a  10.6   0.0  0.05   5.6  35.0   9:40p   SSW
21  50.5  52.6   4:00p  44.6   3:50a  14.5   0.0  0.27  14.1  43.0   1:00a   SSW
22  51.5  54.7   9:20p  49.3   5:10a  13.5   0.0  0.21  17.4  48.0   3:30p   SSW
23  54.2  57.0  11:40a  51.5   4:00p  10.8   0.0  0.47  14.3  44.0   5:00p   SSW
24  52.9  54.2   6:30p  51.8   1:10a  12.1   0.0  0.03  10.8  30.0  10:20a   SSW
25  53.9  59.1   9:40p  50.4   8:30a  11.1   0.0  0.18   8.7  46.0  10:20p   SSW
26  52.6  54.2  12:10a  50.4   5:50p  12.4   0.0  0.05  13.2  44.0   2:50p   SSW
27  52.6  55.4  11:40p  47.9   4:30a  12.4   0.0  0.48  14.2  62.0   8:40p   SSW
28  52.0  54.1   1:10a  50.0   2:30p   9.4   0.0  0.25  18.3  46.0  12:10a   SSW
29
30
31
-------------------------------------------------------------------------------------
    49.7  62.8    19    36.4    15   423.7   0.0  6.63  10.8  62.0    27     SSW

Max >=  90.0:  0
Max <=  32.0:  0
Min <=  32.0:  0
Min <=   0.0:  0
Max Rain: 0.69 ON 01/03/20
Days of Rain: 26 (>.01 in) 21 (>.1 in) 0 (>1 in)
Heat Base:  65.0  Cool Base:  65.0  Method: Integration
Email: AdamSPAM@StormwatchersRetreat.com (To send me email remove the word 'SPAM' from my email address.)