Stormwatcher's Retreat Logo




  July 
  2018 

(Stormwatcher's Retreat has reports since Sep 2013)
                   MONTHLY CLIMATOLOGICAL SUMMARY for JUL. 2018

NAME: StormwatchersRetreat   CITY: Yachats   STATE: OR 
ELEV:    67 ft  LAT:  44° 18' 49" N  LONG: 124° 06' 28" W

                   TEMPERATURE (°F), RAIN  (in), WIND SPEED (mph)

                                      HEAT  COOL        AVG
    MEAN                              DEG   DEG         WIND                 DOM
DAY TEMP  HIGH   TIME   LOW    TIME   DAYS  DAYS  RAIN  SPEED HIGH   TIME    DIR
------------------------------------------------------------------------------------
 1  60.5  65.9   4:20p  56.3  11:50p   4.6   0.0  0.00   6.6  21.0   6:20p   ENE
 2  58.9  64.0  11:30a  54.6   7:20a   6.1   0.0  0.00   6.3  21.0  10:40a   ENE
 3  57.8  64.1   4:10p  50.0   6:40a   7.2   0.0  0.00   6.4  22.0   8:10p    NE
 4  54.6  57.8   7:50p  51.7   8:40a  10.4   0.0  0.00   4.3  26.0  11:40a   SSW
 5  56.4  59.8   4:10p  52.3   4:30a   8.6   0.0  0.00   6.3  26.0   7:30p   SSW
 6  59.7  62.8  12:00p  56.5   1:40a   5.3   0.0  0.00   8.4  23.0  11:10a   SSW
 7  61.8  68.0   4:10p  58.4   2:30a   3.6   0.4  0.00   3.9  16.0   7:10p    NE
 8  60.5  66.0   2:50p  57.7   2:20a   4.5   0.0  0.00   2.9  13.0  12:10a    NE
 9  59.3  62.7   7:10p  55.7   4:30a   5.7   0.0  0.00   1.8   7.0  10:40a   SSW
10  62.3  69.1   2:10p  56.8   3:30a   3.5   0.8  0.00   6.8  24.0   5:40p    NE
11  57.7  62.6   4:00p  53.0  11:50p   7.3   0.0  0.00   8.6  34.0   2:40p   ENE
12  55.2  63.4   4:10p  50.1   5:20a   9.8   0.0  0.00   8.4  25.0  12:30p    NE
13  57.7  65.6   3:40p  51.1   3:20a   7.3   0.0  0.00   7.6  21.0   1:40p    NE
14  57.4  64.3   4:00p  49.0   5:00a   7.6   0.0  0.00   6.8  23.0   2:30p   ENE
15  58.3  67.6   3:50p  50.2   7:40a   6.8   0.1  0.00   4.7  16.0   5:20p    NE
16  59.9  64.9   4:00p  55.7   7:10a   5.1   0.0  0.00   7.5  20.0   5:20p    NE
17  59.9  67.0   1:50p  57.0   5:10a   3.4   0.1  0.00   4.3  14.0  12:20p    NE
18
19
20
21
22
23
24
25
26
27
28
29
30
31
-------------------------------------------------------------------------------------
    58.7  69.1    10    49.0    14   106.8   1.4  0.00   6.0  34.0    11      NE

Max >=  90.0:  0
Max <=  32.0:  0
Min <=  32.0:  0
Min <=   0.0:  0
Max Rain: 0.00 ON 07/01/18
Days of Rain: 0 (>.01 in) 0 (>.1 in) 0 (>1 in)
Heat Base:  65.0  Cool Base:  65.0  Method: Integration
Email: AdamSPAM@StormwatchersRetreat.com (To send me email remove the word 'SPAM' from my email address.)