Stormwatcher's Retreat Logo




  October 
  2019 

(Stormwatcher's Retreat has reports since Sep 2013)
                   MONTHLY CLIMATOLOGICAL SUMMARY for OCT. 2019

NAME: StormwatchersRetreat   CITY: Yachats   STATE: OR 
ELEV:    67 ft  LAT:  44° 18' 49" N  LONG: 124° 06' 28" W

                   TEMPERATURE (°F), RAIN  (in), WIND SPEED (mph)

                                      HEAT  COOL        AVG
    MEAN                              DEG   DEG         WIND                 DOM
DAY TEMP  HIGH   TIME   LOW    TIME   DAYS  DAYS  RAIN  SPEED HIGH   TIME    DIR
------------------------------------------------------------------------------------
 1  51.6  61.9   3:30p  43.2   7:00a  13.4   0.0  0.00   5.4  18.0   9:00a   ESE
 2  51.9  57.6  11:30a  45.7   7:10a  13.1   0.0  0.09   5.8  21.0  10:10p   SSW
 3  53.4  58.2  12:10p  49.6   7:30a  11.6   0.0  0.17   4.2  22.0  12:30p   SSW
 4  54.4  59.3   3:50p  49.0   5:20a  10.6   0.0  0.16   4.0  19.0  11:50a   SSW
 5  56.2  65.7   3:10p  49.8   8:00a   8.8   0.0  0.00   5.4  16.0   5:20a   ESE
 6  56.6  64.4   1:00p  50.5   7:30a   8.4   0.0  0.00   4.4  19.0   5:10p    NE
 7  58.4  68.4   3:10p  50.6   7:20a   6.8   0.2  0.03   2.3  14.0  10:40p    NE
 8  54.6  59.6  12:50a  46.8  10:40p  10.4   0.0  0.06   4.0  25.0   2:20p    NE
 9  49.0  59.7   2:00p  41.2   7:50a  16.0   0.0  0.00   5.5  18.0   2:20p   ESE
10  52.0  63.4   6:20p  42.9   5:20a  13.0   0.0  0.00   7.7  25.0   6:40a     E
11  56.1  67.9   4:30p  50.0   4:00a   9.0   0.1  0.00   7.8  29.0   4:40a   ESE
12  55.4  64.2   3:30p  50.6   7:30a   9.6   0.0  0.00   5.2  20.0   7:10a   ESE
13  54.4  61.4   1:40p  50.8   7:20a  10.6   0.0  0.00   2.9  15.0   5:30p   ENE
14  52.7  59.3   4:10p  46.3   8:10a  12.3   0.0  0.00   4.4  15.0  10:00a   ESE
15  53.8  57.8  11:20p  47.4   6:50a  11.2   0.0  0.00   6.7  24.0  11:30p   SSW
16  57.2  61.0   5:20a  55.4  12:30p   7.8   0.0  0.14  13.7  38.0   1:30p   SSW
17  55.3  57.6   4:10p  51.3  12:00m   9.7   0.0  0.28  10.6  44.0   6:20p   SSW
18  53.7  56.5   6:10p  50.1   2:50a  11.3   0.0  0.15   8.8  42.0  11:10p   SSW
19  55.6  57.9   3:30a  53.0   9:10p   9.4   0.0  0.15   8.6  45.0   1:40a   WNW
20  54.6  56.6   9:20a  53.1   8:30a   7.2   0.0  0.01  10.2  38.0  11:40a   SSW
21
22
23
24
25
26
27
28
29
30
31
-------------------------------------------------------------------------------------
    54.3  68.4     7    41.2     9   210.2   0.3  1.24   6.4  45.0    19     SSW

Max >=  90.0:  0
Max <=  32.0:  0
Min <=  32.0:  0
Min <=   0.0:  0
Max Rain: 0.28 ON 10/17/19
Days of Rain: 9 (>.01 in) 6 (>.1 in) 0 (>1 in)
Heat Base:  65.0  Cool Base:  65.0  Method: Integration
Email: AdamSPAM@StormwatchersRetreat.com (To send me email remove the word 'SPAM' from my email address.)