Stormwatcher's Retreat Logo




  June 
  2022 

(Stormwatcher's Retreat has reports since Sep 2013)
                   MONTHLY CLIMATOLOGICAL SUMMARY for JUN. 2022

NAME: StormwatchersRetreat   CITY: Yachats   STATE: OR 
ELEV:    67 ft  LAT:  44° 18' 49" N  LONG: 124° 06' 28" W

                   TEMPERATURE (°F), RAIN  (in), WIND SPEED (mph)

                                      HEAT  COOL        AVG
    MEAN                              DEG   DEG         WIND                 DOM
DAY TEMP  HIGH   TIME   LOW    TIME   DAYS  DAYS  RAIN  SPEED HIGH   TIME    DIR
------------------------------------------------------------------------------------
 1  56.0  61.8   3:10p  52.2  11:20p   9.0   0.0  0.00   3.1  11.0   5:50p   ENE
 2  54.0  57.2  12:20p  49.8   2:20a  11.0   0.0  0.00   3.7  21.0  11:50p     S
 3  56.0  58.0   1:40a  53.9  12:10a   9.0   0.0  0.05  10.0  27.0   2:00p     S
 4  57.5  63.0   8:20p  54.6   5:40a   7.5   0.0  0.73   7.4  35.0  12:00m     S
 5  54.8  58.2  12:10a  53.5   4:30p  10.2   0.0  0.46   9.5  36.0  12:40a     S
 6  55.6  60.8   6:00p  51.6   3:40a   9.4   0.0  0.09   3.5  14.0   7:30p   NNW
 7  56.5  68.0  11:00a  51.0   5:50a   8.5   0.1  0.00  10.5  31.0   3:10p     S
 8  56.7  61.7   5:50p  52.7  12:00m   8.3   0.0  0.00   4.4  25.0  12:20a     S
 9  59.5  68.7  12:20p  51.7   3:20a   5.9   0.4  0.70   9.2  42.0   6:00p     S
10  58.5  60.0   9:20p  57.4   3:50p   6.5   0.0  0.82   9.4  26.0   9:30p     S
11  57.7  61.6   5:30p  55.0  12:00m   7.3   0.0  0.11   5.2  20.0  12:20a     N
12  54.0  57.1   2:00p  51.8   8:20a  11.0   0.0  0.54   5.1  18.0   4:10p   NNW
13  53.8  56.4   5:30p  51.4   1:00a  11.2   0.0  0.12   5.5  21.0  12:50a     S
14  55.7  60.4   3:00p  50.7  12:00m   9.3   0.0  0.00   6.0  18.0   7:50p     N
15  55.5  63.9  10:10a  50.7  12:10a   9.5   0.0  0.00   6.1  18.0   9:00a     S
16  55.4  58.6   4:10p  51.8   6:10a   9.6   0.0  0.06   5.5  19.0   2:00a     S
17  55.5  59.3   3:00p  53.5  10:40a   9.5   0.0  0.34   2.8  12.0   9:30a    NE
18  56.2  58.6   2:20p  54.3  12:10a   8.8   0.0  0.00   4.3  13.0   2:10a   NNW
19  56.1  61.3   6:50p  52.7   5:50a   8.9   0.0  0.05   2.8  11.0   3:00p   NNW
20  57.6  62.5   4:40p  54.3   4:30a   7.4   0.0  0.00   6.7  23.0   8:40p   NNE
21  56.4  61.6   5:40p  52.8   8:20a   8.6   0.0  0.00   8.0  24.0   3:00p    NE
22  55.1  61.0   3:20p  51.0  12:00m   9.9   0.0  0.00   8.6  23.0   2:50p   NNE
23  54.4  59.9   3:00p  49.8   4:20a  10.6   0.0  0.00   7.6  26.0   2:10p    NE
24  53.7  61.1   3:50p  46.8   4:50a  11.3   0.0  0.00   7.1  28.0   5:30p   NNE
25  61.5  71.8   8:50a  50.5  12:40a   4.6   1.1  0.00   7.7  23.0   2:20p   NNE
26  54.5  57.8  12:40p  51.4   1:10a   5.7   0.0  0.00   4.4  25.0  12:40p     S
27
28
29
30
-------------------------------------------------------------------------------------
    56.1  71.8    25    46.8    24   228.5   1.6  4.07   6.3  42.0     9       S

Max >=  90.0:  0
Max <=  32.0:  0
Min <=  32.0:  0
Min <=   0.0:  0
Max Rain: 0.82 ON 06/10/22
Days of Rain: 12 (>.01 in) 8 (>.1 in) 0 (>1 in)
Heat Base:  65.0  Cool Base:  65.0  Method: Integration
Email: AdamSPAM@StormwatchersRetreat.com (To send me email remove the word 'SPAM' from my email address.)