Stormwatcher's Retreat Logo




  November 
  2020 

(Stormwatcher's Retreat has reports since Sep 2013)
                   MONTHLY CLIMATOLOGICAL SUMMARY for NOV. 2020

NAME: StormwatchersRetreat   CITY: Yachats   STATE: OR 
ELEV:    67 ft  LAT:  44° 18' 49" N  LONG: 124° 06' 28" W

                   TEMPERATURE (°F), RAIN  (in), WIND SPEED (mph)

                                      HEAT  COOL        AVG
    MEAN                              DEG   DEG         WIND                 DOM
DAY TEMP  HIGH   TIME   LOW    TIME   DAYS  DAYS  RAIN  SPEED HIGH   TIME    DIR
------------------------------------------------------------------------------------
 1  52.2  60.5   1:00p  46.0  11:50p  12.8   0.0  0.00   3.1  17.0   1:10a     E
 2  47.1  51.0   5:00p  41.6   6:40a  17.9   0.0  0.00   2.0  13.0  11:50p    SE
 3  55.0  60.4  10:20p  45.9   3:50a  10.0   0.0  0.11   9.7  33.0   2:30p     S
 4  59.2  61.1   9:10a  56.2  10:00a   5.8   0.0  0.02  15.4  32.0   8:50a     S
 5  55.6  59.5  12:30a  49.3  12:00m   9.4   0.0  0.42   8.1  25.0   1:10a     S
 6  49.4  53.5  12:40p  46.4   6:50a  15.6   0.0  0.06   4.5  22.0   3:50p   ENE
 7  48.6  53.5   1:40p  44.3  12:00m  16.4   0.0  0.05   7.6  30.0   9:30p   ENE
 8  44.0  52.6   1:20p  38.7   7:20a  21.0   0.0  0.02   4.3  18.0   3:20p   ESE
 9  44.2  51.1   1:00p  36.2   6:20a  20.8   0.0  0.00   6.1  24.0  10:40p     S
10  49.4  51.8  12:10p  46.1  12:00m  15.6   0.0  0.20   4.3  19.0  12:20p     S
11  45.7  52.6   2:50p  40.9   7:00a  19.3   0.0  0.04   2.7  16.0  11:40p   ESE
12  46.3  51.4  12:40p  40.1   2:50a  18.7   0.0  0.19   8.7  42.0  11:50p     S
13  51.0  53.4   3:10p  47.6  10:40a  14.0   0.0  0.68  14.5  70.0   4:00a     S
14  50.0  53.6   8:10p  47.2   2:00a  15.0   0.0  1.01  12.2  57.0   6:20p     S
15  53.0  54.4   8:50a  50.9   8:50p  12.0   0.0  0.05   6.4  21.0  12:30a     S
16  55.1  60.1  12:00m  50.5   5:10a   9.9   0.0  0.66  10.3  45.0   7:50a     S
17  56.4  62.4   4:00a  52.7   6:40p   8.6   0.0  0.14  15.0  52.0   4:30a     S
18  50.8  55.0   1:30a  47.5   9:20p  14.2   0.0  0.61  12.1  42.0   9:30a     S
19  49.4  53.4   2:50p  44.2  12:00m  15.6   0.0  0.03   6.6  33.0  12:20a     S
20  46.3  60.4   2:50p  38.7   7:20a  18.7   0.0  0.01   6.3  18.0  12:10a     E
21  47.1  59.3   3:00p  40.6   7:20a  17.9   0.0  0.00   7.0  25.0   6:50a     E
22  46.5  51.2   6:30p  40.9   4:40a  18.5   0.0  0.04   4.4  23.0   6:40p     S
23  49.0  53.7  11:50a  44.7  11:50p  16.0   0.0  0.02   4.0  22.0   7:30a     S
24  48.1  52.6   3:20p  43.7   2:00a  16.9   0.0  0.19   5.5  33.0   4:30p     S
25  49.5  52.3   1:50p  44.5   3:00a  15.5   0.0  0.13   5.9  25.0   1:20a    SW
26  47.5  50.8  11:50a  44.8   9:10p  15.4   0.0  0.09   1.6  12.0   9:00p    SE
27
28
29
30
-------------------------------------------------------------------------------------
    49.9  62.4    17    36.2     9   391.5   0.0  4.77   7.2  70.0    13       S

Max >=  90.0:  0
Max <=  32.0:  0
Min <=  32.0:  0
Min <=   0.0:  0
Max Rain: 1.01 ON 11/14/20
Days of Rain: 21 (>.01 in) 11 (>.1 in) 1 (>1 in)
Heat Base:  65.0  Cool Base:  65.0  Method: Integration
Email: AdamSPAM@StormwatchersRetreat.com (To send me email remove the word 'SPAM' from my email address.)