Stormwatcher's Retreat Logo




  December 
  2018 

(Stormwatcher's Retreat has reports since Sep 2013)
                   MONTHLY CLIMATOLOGICAL SUMMARY for DEC. 2018

NAME: StormwatchersRetreat   CITY: Yachats   STATE: OR 
ELEV:    67 ft  LAT:  44° 18' 49" N  LONG: 124° 06' 28" W

                   TEMPERATURE (°F), RAIN  (in), WIND SPEED (mph)

                                      HEAT  COOL        AVG
    MEAN                              DEG   DEG         WIND                 DOM
DAY TEMP  HIGH   TIME   LOW    TIME   DAYS  DAYS  RAIN  SPEED HIGH   TIME    DIR
------------------------------------------------------------------------------------
 1  45.8  51.5   3:30p  42.9   7:20a  19.2   0.0  0.31   3.0  33.0   9:50a     S
 2  43.8  48.5  12:00p  39.3   6:10a  21.2   0.0  0.17   3.4  26.0   2:20p   ESE
 3  42.6  51.5   2:30p  38.2   7:00a  22.4   0.0  0.00   9.8  25.0   7:10p     E
 4  43.8  53.3   3:20p  38.2   1:40a  21.2   0.0  0.00  11.4  28.0   5:00a     E
 5  44.1  52.6   2:20p  39.9   8:00a  20.9   0.0  0.00  11.3  29.0  11:30p     E
 6  43.5  54.9   2:50p  37.8   7:50a  21.5   0.0  0.00   9.8  31.0   3:00a     E
 7  43.9  50.1   7:00p  38.6   6:50a  21.1   0.0  0.09   7.0  23.0   9:20a   ESE
 8  51.4  59.9   2:00p  46.2   4:20a  13.6   0.0  0.03   5.8  19.0   8:10p   ESE
 9  52.1  56.4   8:20a  50.4   1:00p  12.9   0.0  0.45   6.3  29.0   2:40p   SSW
10  49.3  52.3   3:00p  47.1   9:20a  15.7   0.0  0.05   2.9  17.0   1:40p     S
11  51.1  53.7   3:40p  48.6   9:00p  13.9   0.0  0.37  14.8  49.0   4:50p   SSW
12  49.9  52.2   2:40a  45.0   6:00a  15.1   0.0  0.01   4.8  22.0  12:20a   SSW
13  53.5  62.0  11:40p  49.9   8:20p  11.5   0.0  0.00  10.8  40.0  12:00m   SSW
14  54.8  66.0   5:50a  46.1  11:30p  10.2   0.0  0.10  12.8  52.0  10:50a   SSW
15  50.2  59.7  11:20p  44.8   6:20a  14.8   0.0  0.02   6.4  32.0  11:20p   ESE
16  57.2  59.7   2:00a  54.6   4:10a   2.2   0.0  0.08   8.2  31.0  12:40a     S
17
18
19
20
21
22
23
24
25
26
27
28
29
30
31
-------------------------------------------------------------------------------------
    48.6  66.0    14    37.8     6   257.4   0.0  1.68   8.0  52.0    14     ESE

Max >=  90.0:  0
Max <=  32.0:  0
Min <=  32.0:  0
Min <=   0.0:  0
Max Rain: 0.45 ON 12/09/18
Days of Rain: 10 (>.01 in) 4 (>.1 in) 0 (>1 in)
Heat Base:  65.0  Cool Base:  65.0  Method: Integration
Email: AdamSPAM@StormwatchersRetreat.com (To send me email remove the word 'SPAM' from my email address.)